ds digit of q(26)?
6
Let g be (7 + -8)*(-1 + 18). Let i(u) = u**3 + 16*u**2 - 15*u + 37. Let k be i(g). Suppose k*s + 6*s = 846. What is the units digit of s?
4
Let i(r) be the third derivative of -19*r**4/4 - r**3/3 + r**2 + 21*r. What is the units digit of i(-1)?
2
Suppose -357771 = -31*i + 158410. What is the thousands digit of i?
6
Suppose -4*h = 25*h - 116. Suppose -m + h*n = -1761, 2667 = 2*m - 2*n - 825. What is the tens digit of m?
4
Let x(t) = 13 - 5*t + 39 + 11*t**2 - 43. What is the tens digit of x(-7)?
8
Let w(x) = 2836*x + 4046. What is the hundreds digit of w(11)?
2
Suppose 4*r = -2*k + 9562, 269*r - 265*r - 9583 = k. What is the hundreds digit of r?
3
Let i be -10 - 9/((-45)/(-25)). What is the tens digit of (-969)/i - 2/(-5)?
6
Suppose 2*s + 2*w - 1688 = 0, 2*s - 1693 = -14*w + 11*w. Let h = s - 420. What is the tens digit of h?
1
Let m(l) = 11*l + 3. Let y(j) = 3 - 1 - 2*j + 10*j + 3*j. Let z(h) = 5*m(h) - 4*y(h). What is the units digit of z(15)?
2
Suppose -119*o = -1165933 - 2139411. What is the tens digit of o?
7
Suppose -10*c + 214 + 8786 = 0. What is the hundreds digit of c?
9
Let m be (-2)/1 - (68/(-2) + 0). Let x = m - 32. Suppose -2*h + x*k + 126 = 2*k, 4 = -k. What is the units digit of h?
7
Suppose -2*a + 2*f + 38910 = 0, -208*a - 58370 = -211*a + 4*f. What is the units digit of a?
0
Suppose 19*r - 30*r = 41*r - 916968. What is the units digit of r?
4
Suppose -12*b + 84 = -9*b. What is the tens digit of (0 - -406) + (b - 21)?
1
Let b = -40 - -85. Let z = 48 - b. Suppose m + z*m - 108 = 0. What is the units digit of m?
7
Let b = 200 + -191. Suppose 0 = -5*i - 2*d + 80, 5*d - 53 = 7*i - b*i. What is the tens digit of i?
1
Let v(m) = 1424*m - 1079. What is the tens digit of v(8)?
1
Let k(t) = -34*t**3 - 3*t**2 - 16*t - 116. What is the tens digit of k(-5)?
3
Let g(l) = -84*l + 4. Let o be g(-3). Let q = 2209 + -2204. Suppose q*n - 144 = o. What is the units digit of n?
0
Suppose -443*q = -444*q + 6. What is the hundreds digit of (3/q*6 - 3) + 731?
7
Let m be (5/10)/((-2)/76). Let s = -16 - m. What is the hundreds digit of 686/4 + s/6 + -3?
1
Suppose 59 + 18 = -11*o. Let s be (-2)/o + 4912/56. Suppose w + 3*g - 15 = 0, -w - 5*g = 3*w - s. What is the units digit of w?
7
Let w(c) = c**3 + 7*c**2 - 3*c + 1. Let t be 4 + -3 + -3 + -4. Let h(o) = o**2 + 6*o - 6. Let m be h(t). What is the units digit of w(m)?
5
Let i(v) = -v**2 + 12*v + 64. Let x be i(16). Suppose 4*k - 37*k + 20526 = x. What is the units digit of k?
2
Let v = 1615 - -2191. Suppose -v = 16*t - 31406. What is the tens digit of t?
2
Let i(v) = -2120*v - 847. What is the units digit of i(-7)?
3
Let p(j) = 199*j**2 + 5*j. Let t be p(-1). What is the hundreds digit of (3 - 15/2)*t/(-3)?
2
What is the tens digit of (-4)/(-3) - (2 - 270140/30)?
0
Let x(c) = c**2. Let w(k) = -k**2 - 3*k + 18. Let d(b) = -w(b) + 4*x(b). Let o be d(11). Let i = o + -410. What is the hundreds digit of i?
2
Let d(c) = c**2 + c - 2. Let v be d(-2). Let p(t) = -t**2 - 3*t + 1. Let f be p(v). What is the units digit of (2 + f)*176/6?
8
Let r = -37 - -41. Let a be ((-28)/(-8) - r)*-2. What is the tens digit of 57 - (a - -5 - (-24)/(-8))?
5
Suppose -2*m + 5*f + 10 = 0, 3*f = -0*m + m - 5. Let o = -155 + 159. Suppose o*x - 2*d = 412 + 36, m*x + 3*d - 571 = 0. What is the hundreds digit of x?
1
Suppose -29*z = -46*z + 26078. Let x = z - 402. What is the thousands digit of x?
1
Let x = 8379 + 4419. What is the tens digit of x?
9
Suppose 3*x - h = 1493, 0 = -x + 5*h + 498 - 19. Let u = 14123 + -14413. Let l = u + x. What is the tens digit of l?
0
Suppose 12*p - 22468 = 8*p. Suppose 0 = -24*m + p + 863. What is the tens digit of m?
7
Let k = -28 + 23. Let z = 170 - 72. What is the tens digit of (z - 1)/(k + 6)?
9
Suppose -405578 - 366052 = 93*z - 178*z. What is the tens digit of z?
7
Let i(s) = -6*s**2 - 19*s + 310. Let y be i(13). Let w = -317 - y. What is the tens digit of w?
3
Let a be 1/2 - (-30)/(-12). What is the units digit of (-1212)/15*20/a?
8
Let j = -135 + 138. Suppose -j*t + 206 = -t. What is the units digit of t?
3
Let d(r) = -6*r - 33. Let m be d(-6). Suppose j - 56 = -2*i - 0*j, -5*j = -m*i + 84. What is the units digit of i?
8
Suppose -5*x = -4*o - 25944 + 807, -3*x - 2*o = -15069. Suppose -x + 559 = -11*d. What is the tens digit of d?
0
Let k = 29529 - -5309. What is the units digit of k?
8
Suppose 117*z + 615063 = 178*z. What is the thousands digit of z?
0
What is the units digit of (-9475299)/(-351) + 32/(-208)?
5
Suppose -3*f - 27 = -141. Let z = f + -36. What is the tens digit of z - (-26 + (7 - 3))?
2
Let y(o) = o**2 - 4*o + 4. Let n be y(3). Suppose -3*k = -2*q + 14, -3*q - 2*k - 6 = -n. What is the units digit of q?
1
Let f(v) = 21*v**2 - 94*v + 1. Let s(z) = 10*z**2 - 48*z + 1. Let i(a) = 3*f(a) - 5*s(a). What is the tens digit of i(-6)?
1
Let y = -2174 + 6497. Suppose -3*b = 4*h - y, 5390 = 5*h - 8*b + 9*b. What is the hundreds digit of h?
0
Suppose -115*w + 676 = -4*i - 111*w, 159 = -i - 4*w. Suppose -2*q + 309 = u, -247 = -u - 3*q + 57. Let l = i + u. What is the tens digit of l?
5
Let b be (-6)/(-2) + (-8)/(-8). Suppose -1572 = -5*n - 5*r + 1053, -b*r = -3*n + 1540. What is the hundreds digit of n?
5
Let s(u) = -u**2 + 9*u + 95. Let x be s(15). Suppose -5 = -v, 3*v - 5060 = -5*f + x*v. What is the units digit of f?
4
Let o(x) = -3*x**3 + x**2 + 2. Suppose 0 = y - 5*y - 12. What is the tens digit of o(y)?
9
Let d be 238/(-51)*33/(-2). Suppose -5*h - d + 267 = 0. What is the units digit of h/(((-36)/(-8))/9)?
6
Let b = 7009 + 11697. What is the ten thousands digit of b?
1
Let f = 480 + 19005. What is the ten thousands digit of f?
1
Let w be (-3)/21 - 95960/(-28). Let r = w + -2274. What is the hundreds digit of r?
1
Suppose 3*k + 3*l = 282, -2*k + l - 280 = -5*k. Suppose 0 = 6*g + k - 453. What is the tens digit of g?
6
What is the units digit of (-199 - -14)*(0/(-1) + (-77)/11)?
5
Let a(s) = 3*s**2 - s**3 - 16*s - 10*s**2 - 15 + 0*s**3 - 9*s**2. Let x be a(-15). Suppose 21*r - 24*r + 261 = x. What is the units digit of r?
7
Let m = 33 + -13. Suppose 7*h - 2*h = m. Suppose -6*j + h*j + 307 = i, 3*j + 4*i - 473 = 0. What is the hundreds digit of j?
1
Let v(k) = -k**3 - k**2 + 8. Let u be v(0). Let g be (-1518)/(-345) + (-2)/5. Suppose 2*c + u*w = g*w + 562, -3*w = -12. What is the tens digit of c?
7
Let k be ((-3604)/(-85))/(4/10). Suppose k = 14*g - 13*g. What is the hundreds digit of g?
1
Let c be ((-44)/(-33))/(1/24). Let r be 36/10 + (-6 - c/(-5)). Suppose -6*h + r*h = -48. What is the tens digit of h?
2
Suppose -35*j = -29*j - 2616. Let a = j + -386. What is the units digit of a?
0
Suppose -8*f = -25*f + 3672. Suppose 0 = 4*l - f + 48. Suppose w - l - 52 = 0. What is the units digit of w?
4
Let a = -11389 - -26594. What is the hundreds digit of a?
2
Let z(o) = -o**3 - 19*o**2 - 34*o + 20. Let i be z(-18). Suppose i - 1904 = -7*h. What is the units digit of h?
8
Let p = 2856 - -3207. What is the units digit of p?
3
Let x = -28 + 25. Let i = 0 - x. Let w(j) = 14*j**2 - 2*j - 4. What is the tens digit of w(i)?
1
Suppose 5*v = 3*c - 3, -6 = -5*v - 4*c - 2. Suppose -u + 2*u - 461 = v. What is the units digit of u?
1
Let z be 0 + ((-334)/3 - 1/(-3)). Let i = 4 - z. Let a = i - -31. What is the units digit of a?
6
Let b(f) = 2*f + 60. Suppose 0 = -8*o + 15*o + 119. What is the tens digit of b(o)?
2
What is the units digit of (8784612/69)/9 + (-8)/(-92)?
6
What is the hundreds digit of 4716560/600 - 2/(-30)?
8
Let b be 24/132 + (-229)/(-11). Suppose g = 3*m - 4*g - b, 0 = -3*m + 2*g + 21. Suppose 16*y - 180 = m*y. What is the units digit of y?
0
Let g(r) = 2*r**3 + 6*r**2 - 13*r + 2. Let v be g(-7). Let b = -69 - v. What is the units digit of b?
0
Let i(z) = -3*z. Let k be (45/(-6))/(2/(-8)). Suppose -k = 5*s + 5*d, 5*s = 4*d - 2 - 1. What is the units digit of i(s)?
9
Suppose 0 = -2*i - 10 + 10. Let l(d) = i*d**2 + d**2 - 192 + 204 + 0*d**2. What is the tens digit of l(0)?
1
What is the hundreds digit of (1 - (-60)/8)*3*(-600)/(-18)?
8
Suppose -5*t = 13 - 28. Let f(z) = -10*z**2 - 12*z + 14 + t - 10 - z**3 - z. What is the tens digit of f(-10)?
3
Let s(m) = 9*m**3 - 3*m**2 - 11*m + 4. Let t be s(5). Suppose -3*o + a = -3*a - 1026, -3*o - 5*a = -t. What is the hundreds